*d + 4. Let f(b) = -10*b**3 + b**2 - b - 1. What is f(d)?
11
Let v(g) be the first derivative of -g**2/2 - 3*g - 17. Suppose -3*w + 3*z - 12 = 0, -5 = 3*w - 2*z + 9. Calculate v(w).
3
Let z(u) = -u**3 + u. Let i be ((-9)/6)/(6/4 + -2). Suppose -3*c + i = 3*q, 3*c - 7 = -5*q - 2. Calculate z(q).
0
Let l(g) be the second derivative of -g**3/6 - 19*g**2/2 - 1210*g. What is l(-9)?
-10
Let v(q) = -2*q**3 + 14*q**2 - 11*q - 3. Let b be v(6). Suppose -4*x + b*o - 27 = 0, -5*x + o = -3*o + 34. Let z(d) = d**2 + 4*d - 4. Give z(x).
8
Let b(k) = 3*k**2 - 30*k + 3. Let w be b(10). Let d(v) = -25*v**3 + 6 - 5*v**3 + 5*v + 5*v**2 - v**2 + 29*v**w. Give d(5).
6
Let l(r) = r - 23. Let x(c) = c**3 - 5*c**2 + 23*c - 37. Let b be x(2). Determine l(b).
-26
Let j(i) = -6*i**2 - 23*i + 61. Let x(w) = -w**2 - 4*w + 1. Let s(r) = -j(r) + 5*x(r). Let b(y) be the first derivative of s(y). Calculate b(6).
15
Let b(w) be the second derivative of -2/3*w**3 - 24*w - w**2 - 5/12*w**4 + 0. Give b(-3).
-35
Let q(a) = 2*a**3 - 3*a**2 - 4*a - 1. Let l(w) = w**2 + 2*w - 85. Let f be l(-10). Let n be 2 - -3*-5*f/75. Calculate q(n).
14
Let j = -18 - -25. Suppose 4*c = 5*l - 22, l - j*c = -2*c - 4. Let q(u) = 3715 - 7448 + 126*u + 132*u + 3723 - 257*u. What is q(l)?
-4
Suppose -5*r + 7*u + 3 = 3*u, -5*r + u = -12. Let z(w) = -6*w**2 + 2*w**2 + 0*w**2 - 2 + 3*w**2 + 3*w. Calculate z(r).
-2
Let c(m) = -m**3 + 28*m**2 + 87*m + 180. Let n be c(31). Let q(r) = -3*r**2 - 3*r + 20. Determine q(n).
-70
Let n(a) = -a**3 + 5*a**2 - 4*a + 3. Let y(t) = 5*t**2 + 11*t + 46. Let q be y(-3). Let i = q - 55. What is n(i)?
9
Suppose -2*x - 5*z = -9, 3*x + 2*x - 8 = 2*z. Let m(o) = 8*o**2 - 2*o**x - 15 + o**3 + 11. Let g be 40/(-50)*30/4. Calculate m(g).
-4
Suppose 0 = -b + 2*j + 15, j + 17 = 13*b - 12*b. Let m(g) = -2*g**2 + 38*g + 5. Give m(b).
5
Let w(d) = -d - 61. Suppose -57*z - 130*z + 2055 = 6917. What is w(z)?
-35
Let k be (6/(-30)*0)/(-1). Suppose -g + 2*q = 0, k*q = -3*q + 6. Let r(h) = 4*h + 5. Give r(g).
21
Let q(r) be the third derivative of r**7/120 + r**4/3 + r**3/3 - 15*r**2. Let b(t) be the second derivative of q(t). Suppose -2 = -4*y + 2. Calculate b(y).
21
Suppose 0*y - 3*y - 2*m + 174 = 0, 4*m + 312 = 5*y. Let k = 52 - y. Let p(i) = 2*i + 11. Calculate p(k).
-5
Let c(g) be the first derivative of 3*g - 1/3*g**3 + 3*g**2 - 46. Give c(9).
-24
Suppose 88*b = -28*b + 1160. Let u(f) = -6*f + 63. What is u(b)?
3
Suppose 24 = 10*y - 9*y. Suppose y*c - 25*c + 13 = 0. Let p(r) = 4*r + c + 3*r - 5*r. Calculate p(-10).
-7
Suppose 5632*c - 108 = 5596*c. Let z(i) = -i**3 + 3*i**2 - 5*i + 10. What is z(c)?
-5
Let q(d) = -161*d. Let j(v) = -88*v. Let o(h) = -11*j(h) + 6*q(h). Give o(9).
18
Let b be -4 + (-18)/(-2)*1. Suppose 4*r - b - 3 = 0. Let m be (-168)/(-36)*(-3)/r. Let q(v) = -v - 2. Determine q(m).
5
Let p = -25 - -18. Let f(b) = 7*b**3 + 9*b**2 + b + 6. Let w(y) = -4*y**3 - 4*y**2 - y - 3. Let l(g) = -3*f(g) - 5*w(g). What is l(p)?
-17
Let y(h) = 7*h. Suppose 15*w = -l + 13*w + 204, 0 = -l + 2*w + 184. Let x = l + -193. Calculate y(x).
7
Suppose 44 = 10*t - 16. Suppose 0 = 22*j - 104 - t. Let v(g) = g**3 - 6*g**2 + 5*g + 2. Calculate v(j).
2
Let u(r) = -8*r**2 - 7*r - 23. Let f(s) = -14*s + 270. Let n be f(19). Let d(c) = 3*c**2 + 2*c + 8. Let a = 23 - 12. Let j(i) = a*d(i) + n*u(i). Give j(5).
-9
Let u(o) be the first derivative of 3*o - 2/3*o**3 + 36 - o**2. Suppose 0 = 5*w - 5, -4*w + 2*w = -t - 6. Give u(t).
-21
Let i(f) = -f - 1. Suppose -d + 5*a - 13 = 0, -d + 3*a = 6 - 1. Suppose d*r = 12*r + 10. Give i(r).
1
Let h(z) be the first derivative of 1/3*z**3 + z + 1/4*z**4 + 139 - 1/2*z**2. What is h(0)?
1
Let z(d) = d**2 - 15*d + 48. Let v be z(10). Let x be ((-17)/((-340)/(-30)))/((-3)/v). Let r(n) = -11*n + 1. What is r(x)?
12
Let t(j) = 7*j**2 - 128 + 205 - 77. Determine t(1).
7
Let w(p) = p**3 + 5*p**2 - 7*p - 10. Let t be ((-4)/3)/(-2) + (-2912)/(-78). Suppose -5*v - t = 3*y, -5*v = -6*y + 7*y + 26. What is w(y)?
-4
Suppose -3*n - 8 = -4*s - 2*n, -2*n = -2*s - 2. Let v(h) = -3*h + 4*h - 1 + s. Let j = -808 + 803. Determine v(j).
-3
Let f(x) be the third derivative of -7/2*x**3 + 90*x**2 + 0*x**4 + 0*x + 0 + 1/120*x**6 + 0*x**5. Suppose -6*h = -5*h. Calculate f(h).
-21
Let f(j) = -2*j**2 + 5*j - 20. Let q(m) = 4*m**2 - 11*m + 39. Let z(v) = 5*f(v) + 3*q(v). Calculate z(7).
59
Let d(l) = l**3 + 6*l**2 + 5*l + 6. Let b be 2/4*(25 + 7). Suppose -5*z = -9*z + b. Suppose -z*n - 5 = -3*n. Determine d(n).
6
Let m(a) be the first derivative of -a**2 + 1/3*a**3 - 2*a + 71. Determine m(3).
1
Suppose -121 = -22*c - 11. Suppose 3*d + 3*v = c*d + 10, 25 = -5*d + 4*v. Let b(o) = -2*o**2 - 8*o - 6. Determine b(d).
-16
Let h(f) = -30*f**3 + 2*f**2 + 7*f - 5. Suppose -2*g = -8 - 2. Let i(x) = -15*x**3 + x**2 + 4*x - 3. Let q(n) = g*i(n) - 3*h(n). What is q(-1)?
-15
Let m(g) = 3*g**2 - 3*g**2 + 0 + g**2 - 6*g + 3. Let n be ((9 - 5) + -3)/((-4)/(-20)). Give m(n).
-2
Let n(y) = -y**3 + 41*y**2 + 44*y - 79. Suppose 15*h - 12*h = z + 132, -5*z = 4*h - 138. Give n(h).
5
Let u(t) = 4*t**3 + 7 + 30*t**2 - 65*t**2 + 6*t + 33*t**2. Let x(l) = -3*l**3 + 2*l**2 - 6*l - 6. Let p(s) = 4*u(s) + 5*x(s). What is p(-4)?
-10
Let p = 22932 - 22929. Let j(f) = -19*f + 79. What is j(p)?
22
Let c(t) = t**2 - 9*t + 5. Let y(o) = 4*o**2 - 16*o - 11. Let v(s) = -3*c(s) + y(s). What is v(-11)?
-26
Let r(d) = d**3 + 6*d**2 + 7*d + 4. Suppose -17*o - 345 = -22*o. Let z = 25 - o. Let s = z - -39. Give r(s).
-6
Let a(v) = v**3 + 2*v. Let t(k) be the second derivative of -7*k**5/20 + 7*k**4/12 - 3*k**3 - 95*k. Let s(u) = 6*a(u) + t(u). Determine s(6).
0
Let n(f) = f - 14. Let r(u) = -5*u + 28. Let d(t) = 6*n(t) + 3*r(t). Calculate d(3).
-27
Let v(d) = -5*d - 145. Let l = 34512 - 34546. Calculate v(l).
25
Let p(c) = -3*c + 7. Suppose -3*x + 1290 = -46*x. Let m(h) = 3*h**2 + 89*h - 24. Let j be m(x). Give p(j).
-11
Let x(p) = -23*p + 1. Let y(k) = 182*k - 24. Let g(u) = 24*x(u) + 3*y(u). Determine g(-15).
42
Suppose -b + 14 = 6*b. Let a(k) be the third derivative of -k**5/15 + 4*k**2 - 8*k. What is a(b)?
-16
Let l(n) = -n**2 - 3*n - 4. Let a(b) = 8*b**2 + 5*b + 6. Let d be a(-1). Suppose 0 = 3*y - d, -5*s - 2*y - 10 = 3*y. Determine l(s).
-14
Let l(d) = 0*d**2 - 15 - 2*d**2 + 4*d + 3*d**2 + 4 + 30. What is l(-4)?
19
Suppose -3*a - 1104 = -q, -3*a - 53*q - 1086 = -48*q. Let p = a + 360. Let d(l) = l**3 + 8*l**2 + 6*l + 1. Determine d(p).
8
Let c be ((-12)/(-18))/((-10)/75) + 15. Let r(z) = -z**3 + 9*z**2 + 12*z - 13. Calculate r(c).
7
Suppose 2*t + 8*z - 5*z + 37 = 0, 0 = -z - 5. Let a(q) = q**3 + 11*q**2 - 5*q. Determine a(t).
55
Let n(b) = -b**2 - 11*b - 3. Let j = 282 - 284. Let v(w) = -3*w**2 - 22*w - 3. Let a(f) = j*v(f) + 5*n(f). What is a(12)?
3
Let b(o) be the second derivative of -o**5/20 - o**4/12 + 27*o**2/2 - 7*o + 1251. Let g be 0/(0/(-1) - -2). Calculate b(g).
27
Let l(c) = 0 + 4 - c**3 - 7*c**2 + 8*c - 5. Suppose -w + 17*i - 309 = 13*i, 0 = -5*w + i - 1640. Let s = w - -321. Determine l(s).
-1
Let h(g) = 2*g**2 - 1. Let f be h(2). Let k(o) = 2*o**2 + f + o**2 + 6*o - 4*o**2. Let t be (270/315)/(10/70). What is k(t)?
7
Let p(g) = -g**2 + 30*g + 282. Let o(t) = -t**2 + 31*t + 369. Let m(r) = -5*o(r) + 6*p(r). What is m(14)?
1
Let x(w) = 4*w - 5. Let h be ((-4)/(-6))/((-399)/81 - -5). Let b(n) = -n + 1. Let k(z) = h*b(z) + 2*x(z). Calculate k(5).
-6
Let w(f) = -f - 2. Let p be w(-6). Suppose -17 + 21 = p*z. Let r(a) = -3*a**2 + 16*a**2 - 6*a**2 + 3*a - z - 8*a**2. Give r(2).
1
Let n(i) = -2*i**2 + 22*i - 65. Let k = -1125 + 1132. Give n(k).
-9
Let f(b) be the first derivative of 12*b**2 + 3*b + 133. Give f(-2).
-45
Let m(o) = -o + 9. Let j(v) = -9. Let s = 273 - 279. Let q(t) = s*m(t) - 7*j(t). Give q(-4).
-15
Let d(a) be the first derivative of -a**3/3 - 23*a**2/2 - 97*a + 207. Let i be d(-17). Let k(g) = g**3 - 6*g**2 + 3*g + 3. What is k(i)?
-7
Let y(n) = 1 + 2*n**2 + n**3 - 6 - 16*n**3 + 4. Let l be (1/(-5))/((-30)/150). What is y(l)?
-14
Let n be 219/((-1)/(-2) - 2). Let b = -140 - n. Let j be ((-56)/21)/(-8) - (-16)/b. Let c(p) = 3*p**2 - 3*p - 1. Calculate c(j).
17
Let a(s) = -27 + 18 + 5*s + 12 + 6*s**2 - 4*s. Let i(z) = -7*z**2 - 4. Let r(j) = -3*a(j) - 2*i(j). What is r(-1)?
-2
Suppose 0 = -k - 3*v - 13